032.
306
What is the remainder when 1418112 is divided by 109071?
189
What is the remainder when 31807734 is divided by 31?
29
Calculate the remainder when 1289102 is divided by 17420.
22
What is the remainder when 40644 is divided by 677?
24
Calculate the remainder when 64987 is divided by 3842.
3515
Calculate the remainder when 1167599 is divided by 131.
127
What is the remainder when 511190 is divided by 293?
198
What is the remainder when 3361053 is divided by 204?
153
Calculate the remainder when 100704 is divided by 30607.
8883
What is the remainder when 31837535 is divided by 261?
233
What is the remainder when 29655 is divided by 2309?
1947
Calculate the remainder when 2034698 is divided by 31302.
68
Calculate the remainder when 135239 is divided by 7117.
16
What is the remainder when 2330080 is divided by 1327?
1195
Calculate the remainder when 4743910 is divided by 425.
60
Calculate the remainder when 20467 is divided by 1282.
1237
What is the remainder when 998297 is divided by 26981?
0
What is the remainder when 223198 is divided by 3791?
3320
What is the remainder when 227414 is divided by 15?
14
What is the remainder when 2461524 is divided by 881?
10
Calculate the remainder when 436979 is divided by 2241.
2225
Calculate the remainder when 67892577 is divided by 2268.
2265
What is the remainder when 476542 is divided by 39708?
46
Calculate the remainder when 1802805 is divided by 4658.
159
What is the remainder when 110856339 is divided by 36952105?
24
What is the remainder when 147069 is divided by 146249?
820
Calculate the remainder when 920380 is divided by 1595.
65
What is the remainder when 6195376 is divided by 112643?
11
What is the remainder when 543927 is divided by 1110?
27
Calculate the remainder when 1591211 is divided by 76.
75
Calculate the remainder when 289920 is divided by 2323.
1868
What is the remainder when 1458282 is divided by 2337?
2331
What is the remainder when 26473974 is divided by 367694?
6
What is the remainder when 1081764 is divided by 154476?
432
What is the remainder when 11400323 is divided by 12?
11
What is the remainder when 412963865 is divided by 98?
97
What is the remainder when 2470656 is divided by 2032?
1776
Calculate the remainder when 416286 is divided by 636.
342
What is the remainder when 3348132 is divided by 1044?
24
What is the remainder when 4035192 is divided by 11025?
42
Calculate the remainder when 63134 is divided by 9483.
6236
Calculate the remainder when 2040026 is divided by 370.
216
Calculate the remainder when 16761003 is divided by 645.
33
What is the remainder when 228715522 is divided by 335360?
2
What is the remainder when 583664 is divided by 7103?
1218
What is the remainder when 106020 is divided by 1583?
1542
What is the remainder when 1359040 is divided by 73?
72
Calculate the remainder when 39266348 is divided by 2181460.
68
What is the remainder when 72776 is divided by 7990?
866
Calculate the remainder when 3098763 is divided by 53.
12
Calculate the remainder when 4792791 is divided by 1647.
21
Calculate the remainder when 1017717 is divided by 2051.
421
Calculate the remainder when 81639 is divided by 13599.
45
Calculate the remainder when 4686344 is divided by 2343165.
14
What is the remainder when 20612 is divided by 707?
109
What is the remainder when 104645 is divided by 100806?
3839
Calculate the remainder when 15993829 is divided by 184.
181
What is the remainder when 717707 is divided by 1031?
131
What is the remainder when 119387 is divided by 1298?
1269
What is the remainder when 401566 is divided by 9324?
634
What is the remainder when 512633 is divided by 1535?
1478
What is the remainder when 5922251 is divided by 497?
496
Calculate the remainder when 215325 is divided by 5784.
1317
Calculate the remainder when 13016447 is divided by 4338814.
5
Calculate the remainder when 79092151 is divided by 19.
15
Calculate the remainder when 740780 is divided by 23896.
4
What is the remainder when 113645 is divided by 12544?
749
What is the remainder when 61906 is divided by 2695?
2616
What is the remainder when 25861660 is divided by 314?
306
What is the remainder when 122326 is divided by 113?
60
Calculate the remainder when 299761 is divided by 3801.
3283
Calculate the remainder when 1471512 is divided by 105107.
14
Calculate the remainder when 38302296 is divided by 678.
42
What is the remainder when 17604603 is divided by 176046?
3
What is the remainder when 21374918 is divided by 471?
467
What is the remainder when 13541632 is divided by 5605?
5557
Calculate the remainder when 9557342 is divided by 12396.
26
Calculate the remainder when 93407 is divided by 172.
11
Calculate the remainder when 1058850 is divided by 37815.
30
What is the remainder when 207212541 is divided by 16?
13
Calculate the remainder when 313844 is divided by 147.
146
Calculate the remainder when 79232 is divided by 7889.
342
Calculate the remainder when 282084 is divided by 2883.
2433
Calculate the remainder when 370807 is divided by 370782.
25
What is the remainder when 811227902 is divided by 3277?
3275
What is the remainder when 422017 is divided by 807?
763
What is the remainder when 10413492 is divided by 13?
11
What is the remainder when 2502844 is divided by 357549?
1
What is the remainder when 28653896 is divided by 1650?
1646
What is the remainder when 1945281 is divided by 243155?
41
Calculate the remainder when 207664 is divided by 793.
691
Calculate the remainder when 2618334 is divided by 290925.
9
What is the remainder when 991537 is divided by 449?
145
Calculate the remainder when 48062 is divided by 2377.
522
What is the remainder when 215731049 is divided by 75?
74
What is the remainder when 403741120 is divided by 11278?
11276
What is the remainder when 459030 is divided by 457611?
1419
Calculate the remainder when 165800 is divided by 12738.
206
Calculate the remainder when 43027 is divided by 272.
51
What is the remainder when 428074 is divided by 142613?
235
What is the remainder when 45317 is divided by 25?
17
Calculate the remainder when 74762580 is divided by 11.
2
Calculate the remainder when 174868 is divided by 58186.
310
Calculate the remainder when 91673 is divided by 95.
93
Calculate the remainder when 17312379 is divided by 20.
19
Calculate the remainder when 8199555 is divided by 9.
6
Calculate the remainder when 12896 is divided by 1608.
32
Calculate the remainder when 10319572 is divided by 10019.
2
What is the remainder when 173125 is divided by 2696?
581
Calculate the remainder when 45224 is divided by 2466.
836
What is the remainder when 11530866 is divided by 14486?
10
What is the remainder when 111959 is divided by 37303?
50
What is the remainder when 114314 is divided by 113699?
615
Calculate the remainder when 50755981 is divided by 8499.
8452
What is the remainder when 12240202 is divided by 5115?
7
Calculate the remainder when 38979950 is divided by 176.
174
What is the remainder when 13821176 is divided by 102?
74
What is the remainder when 232498 is divided by 16492?
1610
Calculate the remainder when 584765 is divided by 5733.
5732
What is the remainder when 413848 is divided by 1025?
773
What is the remainder when 144685 is divided by 3200?
685
Calculate the remainder when 87285 is divided by 9692.
57
What is the remainder when 21446152 is divided by 772?
764
What is the remainder when 587951 is divided by 293929?
93
Calculate the remainder when 9279 is divided by 2278.
167
What is the remainder when 18569 is divided by 2348?
2133
Calculate the remainder when 284488 is divided by 56856.
208
Calculate the remainder when 45854204 is divided by 64.
60
What is the remainder when 7973039 is divided by 2965?
154
What is the remainder when 104389118 is divided by 129?
125
Calculate the remainder when 451367 is divided by 136.
119
What is the remainder when 1693896 is divided by 387?
384
What is the remainder when 143551 is divided by 6610?
4741
What is the remainder when 4209784 is divided by 11892?
16
Calculate the remainder when 5417147 is divided by 2414.
131
What is the remainder when 324513 is divided by 43?
35
What is the remainder when 253387 is divided by 2531?
287
What is the remainder when 391588 is divided by 8699?
133
What is t